1). Suppose 5*r = r - 8, 5*s - h = -v*r. What is the highest common factor of 8 and s?
8
Let r be 8078/63 + 24/(-108). Calculate the greatest common divisor of r and 4.
4
Suppose -5*x - 6 - 4 = 0. Let m be 2 + x + 22 - 2. Suppose -3*c - 81 = -2*j - 12, 0 = -3*j + 4*c + 102. What is the greatest common divisor of j and m?
10
Suppose -3*m - 167 = d - 260, -5*d = 5*m - 515. Suppose 3*a - 27 = 27. Calculate the highest common divisor of a and d.
18
Let b be 27/45 + 1/(10/14). Let n be (-1 + (-54)/10)/(b/(-130)). Calculate the greatest common divisor of 52 and n.
52
Let z(j) = 14*j - 51. Let n be z(6). Let y be n + (5 - (-3 - -5)). What is the highest common factor of y and 27?
9
Suppose -w = w - 16. Suppose 5*q = q - 384. Let f be 0/1 - q/6. What is the greatest common factor of w and f?
8
Let m = 47 - 45. Let l be 1 - (-1*28 + m). Calculate the highest common factor of l and 189.
27
Let q(a) = -5*a + 177. Let g be q(27). What is the highest common factor of 266 and g?
14
Suppose -c = -4*c - 21. Let s = 10 + c. Suppose -20 = -o + 7. What is the greatest common factor of o and s?
3
Suppose -38*x - 792 = -50*x. What is the highest common factor of x and 352?
22
Suppose -4*b + 23 = 22*l - 17*l, 5*l - 38 = b. Calculate the greatest common divisor of 266 and l.
7
Let c(g) = g + 43. Let y be c(-23). Suppose -3*s + 128 = -4*h, y = -3*h + 5. What is the greatest common factor of s and 8?
4
Let a be 2/((57/(-546))/(-19)). What is the greatest common factor of a and 104?
52
Suppose -5*r - 4 = 1, -2*b = -4*r - 18. Calculate the highest common divisor of b and 35.
7
Let r = -81 + 84. Suppose -3*v = -a + 2*v + 83, -197 = -r*a + 2*v. Calculate the highest common factor of 18 and a.
9
Let d = -14 - -124. Suppose -2*m = 31*n - 28*n - 20, 3*n = 4*m - 40. What is the highest common factor of m and d?
10
Let k(s) = -s**3 + 3*s**2 + 4*s. Suppose 21 - 18 = z. Let u be k(z). Calculate the highest common factor of u and 36.
12
Suppose -5*q + 2413 + 1552 = 0. Calculate the greatest common divisor of q and 244.
61
Let m(p) = 2*p**2 + 3*p + 4. Suppose 0 = -2*a + 4*a + 2. Let c = 5 + a. Let h be m(c). What is the greatest common divisor of h and 6?
6
Let o = 65 - 35. Let m = o - 2. What is the greatest common factor of m and 7?
7
Let g be 12 + (-244)/20 - 16/(-5). Calculate the highest common divisor of g and 1.
1
Suppose -2*i = -3*y + 6*y - 12, y = 2*i - 4. Let n = y + 11. What is the highest common divisor of n and 143?
13
Suppose 0 = 4*f - 6 - 6. Let t be (-6)/(-4 + (5 - f)). Suppose 6 = -2*a, 33 = -0*y + y - t*a. Calculate the highest common divisor of 6 and y.
6
Let p(l) = l + 4. Suppose -4*r + 8 = -0. Let y be p(r). What is the highest common divisor of 8 and y?
2
Suppose 5*v - 2*k - 66 = 0, 5*v - 5*k + 0*k = 60. Let p = 2 - v. Let b be (-138)/(-15) + p/(-15). Calculate the highest common factor of b and 10.
10
Let g(j) = -8 + j + 0*j + 4 - 7. Let w be g(0). Let r = w - -15. Calculate the highest common factor of 16 and r.
4
Suppose x - 4*v = 42, -5*v + 30 = -4*x + 198. Suppose -x = -6*c + 24. What is the greatest common divisor of c and 77?
11
Let n(l) = -10*l**3 - 2*l**2 - 2*l - 1. Let j be n(-1). Let v = -97 - -178. Calculate the greatest common factor of j and v.
9
Let h = -617 + 633. What is the highest common divisor of h and 64?
16
Let g be (26992/(-6) + 10/15)/(-2). Calculate the highest common factor of 13 and g.
13
Let a be (-13500)/(-3)*2*(-3)/(-12). Calculate the highest common divisor of 18 and a.
18
Let s(u) = 13*u**3 + u**2 + 4*u - 2. Let l be s(2). Calculate the highest common factor of 38 and l.
38
Suppose 0 = 2*n + 4*j - 22, 3*n - 4 = -n + 2*j. Let h be 30/(1 + 2) - n. Suppose h*t - 6*t = 22. Calculate the greatest common factor of t and 198.
22
Suppose 7*p = 6*p. Suppose p = l - 2, -4*l + 40 = 5*k - k. Let j = 1 + 3. What is the highest common factor of k and j?
4
Let h = 270 - 560. Let o = h + 560. Suppose 2*s = 4*s - o. What is the greatest common factor of s and 15?
15
Suppose u - q = -4*q + 13, -3*q = -5*u + 11. Suppose -3 = -u*f + 17. What is the greatest common divisor of f and 2?
1
Suppose 35 = 5*w + 2*m - 7*m, 3*w = 2*m + 16. Suppose -2*u + w = -2, u - 1157 = -5*s. What is the highest common factor of 33 and s?
33
Let r = -879 - -923. Calculate the highest common divisor of r and 77.
11
Suppose 0 = j - 5*z + 3 + 2, -2*j - z - 54 = 0. Let w = 44 + j. What is the greatest common divisor of 171 and w?
19
Let s = 167 - 338. Let z = -94 - s. What is the greatest common divisor of 7 and z?
7
Suppose -2*u = -109 + 13. Let l be (-1 - 7/(-5))/((-92)/(-1380)). Calculate the greatest common factor of l and u.
6
Suppose -2*g = -5*g + 3*z + 57, -5*g - z + 65 = 0. What is the highest common divisor of g and 182?
14
Let z = 26 + -27. Let o be z/(-2)*(132 - 8). Calculate the highest common divisor of 155 and o.
31
Suppose 0 = -2*q - q + 165. Let c be (-12 + 56/7)*10/(-8). What is the greatest common divisor of q and c?
5
Let r = 16 + -12. Let c(p) = 55*p - 159. Let i be c(5). Calculate the highest common factor of i and r.
4
Suppose 3*o - 3*t + 0*t = -72, 4*o = 2*t - 92. Let s be (-424)/88 + 5 - 172/o. Calculate the greatest common divisor of 2 and s.
2
Let y(z) be the second derivative of -1/2*z**2 + 0 + 0*z**4 - 2*z - 137/10*z**5 - 1/3*z**3. Let m be y(-1). Calculate the greatest common divisor of 25 and m.
25
Suppose 0 = v - 12 - 468. What is the highest common divisor of 384 and v?
96
Let w be ((-14)/(-8))/((-1)/4). Let s(y) be the second derivative of -y**3/3 - 9*y**2/2 + 5*y. Let b be s(w). Calculate the greatest common divisor of 15 and b.
5
Suppose -3*v - 28 = -4*u + 13, 3*u - 36 = -3*v. What is the greatest common divisor of 176 and u?
11
Suppose 88 = 5*q + 3*b, 5*q + 7*b - 11*b = 81. Calculate the highest common divisor of 1343 and q.
17
Suppose 72 = -n + 5*n. Let g = n + -19. Let j be (10/40)/(g/(-44)). What is the greatest common divisor of j and 99?
11
Let d = -1119 - -1161. What is the greatest common divisor of 48 and d?
6
Let g = -267 + 292. Let i be (-1)/(-1*(-2)/(-16)). Suppose 0 = -5*s - 4*o + 21, s = 4*o - o + i. What is the greatest common factor of s and g?
5
Let b be (240/28)/(18/84). Calculate the greatest common divisor of 1640 and b.
40
Let v be (4/(-6))/(0 - (-8)/1128). Let a = v + 97. Calculate the highest common divisor of 15 and a.
3
Suppose -20*o + 423 = -477. Calculate the highest common factor of 5 and o.
5
Let o be 7*-13 - (-2)/8*-12. Let h = o + 142. Calculate the greatest common divisor of 6 and h.
6
Let f = 113 - -69. What is the greatest common divisor of 130 and f?
26
Suppose 3*h = 2*h + 3. Let w be 777/h + (0 - 3). Suppose w - 16 = 4*j. What is the greatest common divisor of j and 20?
20
Let d = -74 + 111. Suppose 1 + d = 2*w. Suppose 5*a - 2*v - w = 0, -2*v = 2*a + a - 21. Calculate the highest common divisor of 2 and a.
1
Let g(k) = -k**3 - 3*k**2 + 9*k. Let o be g(-5). Suppose o*d - 3*d = 4. Suppose r + 7 = d*r. What is the greatest common divisor of 63 and r?
7
Let p be 6948/360 + (-6)/20. What is the highest common factor of p and 57?
19
Let x(p) = p**3 - 7*p. Let i be x(3). Let b be (-2)/(-1) + (i - -79). What is the greatest common divisor of b and 29?
29
Suppose -14 - 1 = -3*u. Suppose 186 = 4*a - 4*s - 206, -u*a - 5*s = -500. Let x be 252/27 - (-2)/(-6). What is the greatest common divisor of a and x?
9
Let f be 77/5 + (-6)/15. Let t(o) = 14*o**2 + 3*o. Let z be t(3). Calculate the greatest common factor of z and f.
15
Suppose 0*t + 80 = t. Suppose 3*g + 3*g - 12 = 0. Suppose w - 3*c = 13, -20 - 26 = -3*w + g*c. What is the greatest common factor of w and t?
16
Let s be (4 + 52/(-12))*-105. What is the highest common divisor of s and 77?
7
Let o = -35 + 67. What is the greatest common divisor of 544 and o?
32
Suppose -3 - 5 = -4*b + 4*n, 0 = 4*n. Suppose -7 - b = -3*r. What is the greatest common divisor of 24 and r?
3
Let a(s) = -s**2 - 24*s + 97. Let m be a(-21). What is the greatest common divisor of m and 280?
40
Suppose 44*c = 49*c - 2070. Let m be 8/(-20) - 464/(-10). Calculate the highest common factor of m and c.
46
Suppose o + 0*n - 45 = -3*n, -n = 2*o - 70. Suppose 3*k - 24 = -3*c, 0 = -6*c + 5*c + 2*k + 17. Calculate the highest common divisor of o and c.
11
Suppose -6*l = -l. Let j be -2*(4 +